{"id":21,"date":"2022-12-23T16:51:15","date_gmt":"2022-12-23T15:51:15","guid":{"rendered":"https:\/\/lavhangard.org\/site\/?page_id=21"},"modified":"2025-09-24T12:17:25","modified_gmt":"2025-09-24T10:17:25","slug":"le-projet","status":"publish","type":"page","link":"https:\/\/lavhangard.org\/site\/le-projet\/","title":{"rendered":"Le projet"},"content":{"rendered":"<p>[et_pb_section fb_built=\u00a0\u00bb1&Prime; admin_label=\u00a0\u00bbsection\u00a0\u00bb _builder_version=\u00a0\u00bb4.19.4&Prime; background_image=\u00a0\u00bbhttps:\/\/lavhangard.org\/site\/wp-content\/uploads\/2024\/01\/\u00a9lavhangard2023-4711-scaled.jpg\u00a0\u00bb custom_margin=\u00a0\u00bb||-3px|||\u00a0\u00bb custom_padding=\u00a0\u00bb572px|||||\u00a0\u00bb global_colors_info=\u00a0\u00bb{}\u00a0\u00bb][et_pb_row admin_label=\u00a0\u00bbrow\u00a0\u00bb _builder_version=\u00a0\u00bb4.16&Prime; background_size=\u00a0\u00bbinitial\u00a0\u00bb background_position=\u00a0\u00bbtop_left\u00a0\u00bb background_repeat=\u00a0\u00bbrepeat\u00a0\u00bb global_colors_info=\u00a0\u00bb{}\u00a0\u00bb][et_pb_column type=\u00a0\u00bb4_4&Prime; _builder_version=\u00a0\u00bb4.16&Prime; custom_padding=\u00a0\u00bb|||\u00a0\u00bb global_colors_info=\u00a0\u00bb{}\u00a0\u00bb custom_padding__hover=\u00a0\u00bb|||\u00a0\u00bb][et_pb_text _builder_version=\u00a0\u00bb4.19.4&Prime; _module_preset=\u00a0\u00bbdefault\u00a0\u00bb header_font_size=\u00a0\u00bb66px\u00a0\u00bb header_letter_spacing=\u00a0\u00bb4px\u00a0\u00bb text_orientation=\u00a0\u00bbcenter\u00a0\u00bb text_text_shadow_style=\u00a0\u00bbpreset3&Prime; text_text_shadow_blur_strength=\u00a0\u00bb2em\u00a0\u00bb text_text_shadow_color=\u00a0\u00bb#000000&Prime; header_text_shadow_style=\u00a0\u00bbpreset3&Prime; header_text_shadow_blur_strength=\u00a0\u00bb0.32em\u00a0\u00bb header_text_shadow_color=\u00a0\u00bb#000000&Prime; global_colors_info=\u00a0\u00bb{}\u00a0\u00bb]<\/p>\n<h1 style=\"text-align: center;\"><span style=\"color: #ffffff;\">Le projet<\/span><\/h1>\n<p>[\/et_pb_text][\/et_pb_column][\/et_pb_row][\/et_pb_section][et_pb_section fb_built=\u00a0\u00bb1&Prime; _builder_version=\u00a0\u00bb4.19.4&Prime; _module_preset=\u00a0\u00bbdefault\u00a0\u00bb global_colors_info=\u00a0\u00bb{}\u00a0\u00bb][et_pb_row _builder_version=\u00a0\u00bb4.19.4&Prime; _module_preset=\u00a0\u00bbdefault\u00a0\u00bb global_colors_info=\u00a0\u00bb{}\u00a0\u00bb][et_pb_column type=\u00a0\u00bb4_4&Prime; _builder_version=\u00a0\u00bb4.19.4&Prime; _module_preset=\u00a0\u00bbdefault\u00a0\u00bb global_colors_info=\u00a0\u00bb{}\u00a0\u00bb][et_pb_text _builder_version=\u00a0\u00bb4.19.4&Prime; _module_preset=\u00a0\u00bbdefault\u00a0\u00bb text_font_size=\u00a0\u00bb28px\u00a0\u00bb custom_margin=\u00a0\u00bb||23px|||\u00a0\u00bb global_colors_info=\u00a0\u00bb{}\u00a0\u00bb]<\/p>\n<p style=\"text-align: center;\"><strong>Le Tiers-lieu L\u2019avHangard\u2019 proposera trois types d\u2019espaces<\/strong><\/p>\n<p>[\/et_pb_text][\/et_pb_column][\/et_pb_row][et_pb_row column_structure=\u00a0\u00bb1_3,1_3,1_3&Prime; _builder_version=\u00a0\u00bb4.19.4&Prime; _module_preset=\u00a0\u00bbdefault\u00a0\u00bb global_colors_info=\u00a0\u00bb{}\u00a0\u00bb][et_pb_column type=\u00a0\u00bb1_3&Prime; _builder_version=\u00a0\u00bb4.19.4&Prime; _module_preset=\u00a0\u00bbdefault\u00a0\u00bb global_colors_info=\u00a0\u00bb{}\u00a0\u00bb][et_pb_image src=\u00a0\u00bbhttps:\/\/lavhangard.org\/site\/wp-content\/uploads\/2023\/07\/icon-avhangard-coworking-cafe-web.png\u00a0\u00bb title_text=\u00a0\u00bbicon-avhangard-coworking-cafe-web\u00a0\u00bb align=\u00a0\u00bbcenter\u00a0\u00bb _builder_version=\u00a0\u00bb4.19.4&Prime; _module_preset=\u00a0\u00bbdefault\u00a0\u00bb width=\u00a0\u00bb47%\u00a0\u00bb custom_margin=\u00a0\u00bb||2px|||\u00a0\u00bb global_colors_info=\u00a0\u00bb{}\u00a0\u00bb][\/et_pb_image][et_pb_text _builder_version=\u00a0\u00bb4.19.4&Prime; _module_preset=\u00a0\u00bbdefault\u00a0\u00bb header_2_line_height=\u00a0\u00bb1.4em\u00a0\u00bb global_colors_info=\u00a0\u00bb{}\u00a0\u00bb]<\/p>\n<h2 style=\"text-align: center;\"><b>Un espace de vie sociale et\u00a0de transition<\/b><\/h2>\n<p style=\"text-align: center;\">Il accueillera des activit\u00e9s et ateliers autour de th\u00e9matiques diversifi\u00e9es : bien-\u00eatre, alimentation, r\u00e9emploi, upcycling, formation et m\u00e9diation num\u00e9rique&#8230;<\/p>\n<p style=\"text-align: center;\">L&rsquo;avHangard&rsquo; sera un point de rencontre \u201ctotem\u201d f\u00e9d\u00e9rateur d\u2019\u00e9changes et de liens multidimensionnels.<\/p>\n<p>[\/et_pb_text][\/et_pb_column][et_pb_column type=\u00a0\u00bb1_3&Prime; _builder_version=\u00a0\u00bb4.19.4&Prime; _module_preset=\u00a0\u00bbdefault\u00a0\u00bb global_colors_info=\u00a0\u00bb{}\u00a0\u00bb][et_pb_image src=\u00a0\u00bbhttps:\/\/lavhangard.org\/site\/wp-content\/uploads\/2023\/07\/icon-avhangard-bienetre-social-web.png\u00a0\u00bb title_text=\u00a0\u00bbicon-avhangard-bienetre-social-web\u00a0\u00bb align=\u00a0\u00bbcenter\u00a0\u00bb _builder_version=\u00a0\u00bb4.19.4&Prime; _module_preset=\u00a0\u00bbdefault\u00a0\u00bb width=\u00a0\u00bb47%\u00a0\u00bb min_height=\u00a0\u00bb141.6px\u00a0\u00bb custom_margin=\u00a0\u00bb||2px|||\u00a0\u00bb global_colors_info=\u00a0\u00bb{}\u00a0\u00bb][\/et_pb_image][et_pb_text _builder_version=\u00a0\u00bb4.19.4&Prime; _module_preset=\u00a0\u00bbdefault\u00a0\u00bb header_2_line_height=\u00a0\u00bb1.4em\u00a0\u00bb global_colors_info=\u00a0\u00bb{}\u00a0\u00bb]<\/p>\n<h2 style=\"text-align: center;\"><b>Des espaces de travail partag\u00e9 et de formation<\/b><\/h2>\n<p style=\"text-align: center;\">L&rsquo;avHangard&rsquo; proposera un espace de coworking, des bureaux et des salles de r\u00e9union\/formation, louables \u00e0 l&rsquo;heure, la journ\u00e9e ou le mois.<\/p>\n<p style=\"text-align: center;\">Des salles d\u00e9di\u00e9es aux pratiques de bien \u00eatre seront propos\u00e9es aux th\u00e9rapeutes de diverses disciplines (Yoga, sophrologie, gym douce&#8230;), en groupe ou en s\u00e9ances individuelles.<\/p>\n<p>[\/et_pb_text][\/et_pb_column][et_pb_column type=\u00a0\u00bb1_3&Prime; _builder_version=\u00a0\u00bb4.19.4&Prime; _module_preset=\u00a0\u00bbdefault\u00a0\u00bb global_colors_info=\u00a0\u00bb{}\u00a0\u00bb][et_pb_image src=\u00a0\u00bbhttps:\/\/lavhangard.org\/site\/wp-content\/uploads\/2023\/07\/icon-avhangard-besoin1-web.png\u00a0\u00bb title_text=\u00a0\u00bbicon-avhangard-besoin1-web\u00a0\u00bb align=\u00a0\u00bbcenter\u00a0\u00bb _builder_version=\u00a0\u00bb4.19.4&Prime; _module_preset=\u00a0\u00bbdefault\u00a0\u00bb width=\u00a0\u00bb47%\u00a0\u00bb custom_margin=\u00a0\u00bb||1px|||\u00a0\u00bb global_colors_info=\u00a0\u00bb{}\u00a0\u00bb][\/et_pb_image][et_pb_text _builder_version=\u00a0\u00bb4.19.4&Prime; _module_preset=\u00a0\u00bbdefault\u00a0\u00bb header_2_line_height=\u00a0\u00bb1.4em\u00a0\u00bb global_colors_info=\u00a0\u00bb{}\u00a0\u00bb]<\/p>\n<h2 style=\"text-align: center;\"><b>Un espace de cr\u00e9ation num\u00e9rique et d\u2019innovation<\/b><\/h2>\n<p style=\"text-align: center;\">Le p\u00f4le num\u00e9rique de l&rsquo;avHangard&rsquo; rassemblera un espace de cr\u00e9ation audiovisuelle et musicale (un studio audio, un studio de prises de vues vid\u00e9o et une r\u00e9gie) ainsi qu&rsquo;un FabLab.<\/p>\n<p style=\"text-align: center;\">Ces espaces et mat\u00e9riels seront propos\u00e9s \u00e0 la location pour les professionnels. Ils accueilleront \u00e9galement des activit\u00e9s d&rsquo;initiation.<\/p>\n<p>[\/et_pb_text][\/et_pb_column][\/et_pb_row][et_pb_row _builder_version=\u00a0\u00bb4.19.4&Prime; _module_preset=\u00a0\u00bbdefault\u00a0\u00bb global_colors_info=\u00a0\u00bb{}\u00a0\u00bb][et_pb_column type=\u00a0\u00bb4_4&Prime; _builder_version=\u00a0\u00bb4.19.4&Prime; _module_preset=\u00a0\u00bbdefault\u00a0\u00bb global_colors_info=\u00a0\u00bb{}\u00a0\u00bb][et_pb_text _builder_version=\u00a0\u00bb4.19.4&Prime; _module_preset=\u00a0\u00bbdefault\u00a0\u00bb global_colors_info=\u00a0\u00bb{}\u00a0\u00bb]<\/p>\n<p style=\"text-align: center;\"><strong>Vous ne savez pas tr\u00e8s bien ce qu&rsquo;est un tiers lieu ? Le <a href=\"https:\/\/francetierslieux.fr\/\" title=\"Lien vers le site de France Tiers Lieux\">site France Tiers Lieux<\/a> vous dit tout <img decoding=\"async\" src=\"https:\/\/lavhangard.org\/site\/wp-content\/themes\/Divi\/includes\/builder\/frontend-builder\/assets\/vendors\/plugins\/emoticons\/img\/smiley-wink.gif\" alt=\"wink\" \/><\/strong><\/p>\n<p>[\/et_pb_text][et_pb_text _builder_version=\u00a0\u00bb4.27.4&Prime; _module_preset=\u00a0\u00bbdefault\u00a0\u00bb text_font_size=\u00a0\u00bb28px\u00a0\u00bb custom_margin=\u00a0\u00bb68px||-2px|||\u00a0\u00bb global_colors_info=\u00a0\u00bb{}\u00a0\u00bb]<\/p>\n<p style=\"text-align: center;\"><strong>Depuis 2022, l&rsquo;avHangard propose et organise d\u00e9j\u00e0 :<\/strong><\/p>\n<p>[\/et_pb_text][\/et_pb_column][\/et_pb_row][et_pb_row column_structure=\u00a0\u00bb1_3,1_3,1_3&Prime; _builder_version=\u00a0\u00bb4.19.4&Prime; _module_preset=\u00a0\u00bbdefault\u00a0\u00bb custom_margin=\u00a0\u00bb-7px|auto||auto||\u00a0\u00bb global_colors_info=\u00a0\u00bb{}\u00a0\u00bb][et_pb_column type=\u00a0\u00bb1_3&Prime; _builder_version=\u00a0\u00bb4.19.4&Prime; _module_preset=\u00a0\u00bbdefault\u00a0\u00bb global_colors_info=\u00a0\u00bb{}\u00a0\u00bb][et_pb_text _builder_version=\u00a0\u00bb4.27.4&Prime; _module_preset=\u00a0\u00bbdefault\u00a0\u00bb header_2_line_height=\u00a0\u00bb1.4em\u00a0\u00bb hover_enabled=\u00a0\u00bb0&Prime; global_colors_info=\u00a0\u00bb{}\u00a0\u00bb sticky_enabled=\u00a0\u00bb0&Prime;]<\/p>\n<h2 style=\"text-align: center;\"><b><img loading=\"lazy\" decoding=\"async\" src=\"https:\/\/lavhangard.org\/site\/wp-content\/uploads\/2025\/03\/atelier.png\" width=\"800\" height=\"800\" alt=\"\" class=\"wp-image-772 alignnone size-full\" srcset=\"https:\/\/lavhangard.org\/site\/wp-content\/uploads\/2025\/03\/atelier.png 800w, https:\/\/lavhangard.org\/site\/wp-content\/uploads\/2025\/03\/atelier-480x480.png 480w\" sizes=\"(min-width: 0px) and (max-width: 480px) 480px, (min-width: 481px) 800px, 100vw\" \/><\/b><\/h2>\n<h2 style=\"text-align: center;\"><b>Des ateliers d\u00e9couvertes<\/b><\/h2>\n<p style=\"text-align: center;\">Tout au long de l&rsquo;ann\u00e9e des ateliers permettent \u00e0 nos adh\u00e9rents de d\u00e9couvrir des domaines divers et vari\u00e9s.<\/p>\n<p style=\"text-align: center;\">Int\u00e9ress\u00e9s ?\u00a0<a href=\"https:\/\/lavhangard.org\/site\/evenements\/\">Surveillez nos actualit\u00e9s !<\/a><\/p>\n<p style=\"text-align: center;\">[\/et_pb_text][\/et_pb_column][et_pb_column type=\u00a0\u00bb1_3&Prime; _builder_version=\u00a0\u00bb4.19.4&Prime; _module_preset=\u00a0\u00bbdefault\u00a0\u00bb global_colors_info=\u00a0\u00bb{}\u00a0\u00bb][et_pb_text _builder_version=\u00a0\u00bb4.27.4&Prime; _module_preset=\u00a0\u00bbdefault\u00a0\u00bb header_2_line_height=\u00a0\u00bb1.4em\u00a0\u00bb custom_padding=\u00a0\u00bb||||false|false\u00a0\u00bb hover_enabled=\u00a0\u00bb0&Prime; global_colors_info=\u00a0\u00bb{}\u00a0\u00bb sticky_enabled=\u00a0\u00bb0&Prime;]<\/p>\n<h2 style=\"text-align: center;\"><b style=\"font-size: 23px;\">Des animations th\u00e9matiques<\/b><b><\/b><\/h2>\n<p style=\"text-align: center;\">En lien avec les acteurs du territoire et\/ou avec les manifestations locales ou nationales, l&rsquo;association organise r\u00e9guli\u00e8rement des animations ouvertes \u00e0 tous.<\/p>\n<p style=\"text-align: center;\"><img loading=\"lazy\" decoding=\"async\" src=\"https:\/\/lavhangard.org\/site\/wp-content\/uploads\/2025\/03\/anim.png\" width=\"800\" height=\"800\" alt=\"\" class=\"wp-image-771 alignnone size-full\" srcset=\"https:\/\/lavhangard.org\/site\/wp-content\/uploads\/2025\/03\/anim.png 800w, https:\/\/lavhangard.org\/site\/wp-content\/uploads\/2025\/03\/anim-480x480.png 480w\" sizes=\"(min-width: 0px) and (max-width: 480px) 480px, (min-width: 481px) 800px, 100vw\" \/><\/p>\n<p style=\"text-align: center;\">[\/et_pb_text][\/et_pb_column][et_pb_column type=\u00a0\u00bb1_3&Prime; _builder_version=\u00a0\u00bb4.19.4&Prime; _module_preset=\u00a0\u00bbdefault\u00a0\u00bb global_colors_info=\u00a0\u00bb{}\u00a0\u00bb][et_pb_text _builder_version=\u00a0\u00bb4.27.4&Prime; _module_preset=\u00a0\u00bbdefault\u00a0\u00bb header_2_line_height=\u00a0\u00bb1.4em\u00a0\u00bb custom_padding=\u00a0\u00bb||||false|false\u00a0\u00bb hover_enabled=\u00a0\u00bb0&Prime; global_colors_info=\u00a0\u00bb{}\u00a0\u00bb sticky_enabled=\u00a0\u00bb0&Prime;]<\/p>\n<h2 style=\"text-align: center;\"><b><img loading=\"lazy\" decoding=\"async\" src=\"https:\/\/lavhangard.org\/site\/wp-content\/uploads\/2025\/03\/even.png\" width=\"800\" height=\"800\" alt=\"\" class=\"wp-image-770 alignnone size-full\" srcset=\"https:\/\/lavhangard.org\/site\/wp-content\/uploads\/2025\/03\/even.png 800w, https:\/\/lavhangard.org\/site\/wp-content\/uploads\/2025\/03\/even-480x480.png 480w\" sizes=\"(min-width: 0px) and (max-width: 480px) 480px, (min-width: 481px) 800px, 100vw\" \/><\/b><\/h2>\n<h2 style=\"text-align: center;\"><b>Des \u00e9v\u00e9nements<\/b><\/h2>\n<p style=\"text-align: center;\"><a href=\"https:\/\/lavhangard.org\/site\/la-boutique-ephemere\/\" target=\"_blank\" rel=\"noopener\">Boutique \u00e9ph\u00e9m\u00e8re<\/a>, march\u00e9 de no\u00ebl, <a href=\"https:\/\/www.regard-animal.org\/\" target=\"_blank\" rel=\"noopener\">festival de films animaliers et nature<\/a>&#8230; il y en a pour tous les go\u00fbts !<\/p>\n<p style=\"text-align: center;\">Vous voulez en savoir plus ?<br \/><a href=\"https:\/\/lavhangard.org\/site\/contact-et-soutien\/\">Contactez-nous !<\/a><\/p>\n<p style=\"text-align: center;\">[\/et_pb_text][\/et_pb_column][\/et_pb_row][\/et_pb_section][et_pb_section fb_built=\u00a0\u00bb1&Prime; _builder_version=\u00a0\u00bb4.19.4&Prime; _module_preset=\u00a0\u00bbdefault\u00a0\u00bb background_image=\u00a0\u00bbhttps:\/\/lavhangard.org\/site\/wp-content\/uploads\/2022\/12\/bckgd01d.png\u00a0\u00bb background_size=\u00a0\u00bbinitial\u00a0\u00bb height=\u00a0\u00bb221px\u00a0\u00bb custom_margin=\u00a0\u00bb||0px||false|false\u00a0\u00bb custom_padding=\u00a0\u00bb0px|0px|10px|0px|false|false\u00a0\u00bb global_module=\u00a0\u00bb546&Prime; global_colors_info=\u00a0\u00bb{}\u00a0\u00bb][\/et_pb_section][et_pb_section fb_built=\u00a0\u00bb1&Prime; _builder_version=\u00a0\u00bb4.19.4&Prime; _module_preset=\u00a0\u00bbdefault\u00a0\u00bb background_color=\u00a0\u00bb#242639&Prime; custom_margin=\u00a0\u00bb||0px||false|false\u00a0\u00bb custom_padding=\u00a0\u00bb20px||24px||false|false\u00a0\u00bb global_module=\u00a0\u00bb544&Prime; global_colors_info=\u00a0\u00bb{}\u00a0\u00bb][et_pb_row column_structure=\u00a0\u00bb1_3,1_3,1_3&Prime; _builder_version=\u00a0\u00bb4.19.4&Prime; _module_preset=\u00a0\u00bbdefault\u00a0\u00bb custom_margin=\u00a0\u00bb||||false|false\u00a0\u00bb custom_padding=\u00a0\u00bb||0px||false|false\u00a0\u00bb global_colors_info=\u00a0\u00bb{}\u00a0\u00bb][et_pb_column type=\u00a0\u00bb1_3&Prime; _builder_version=\u00a0\u00bb4.19.4&Prime; _module_preset=\u00a0\u00bbdefault\u00a0\u00bb global_colors_info=\u00a0\u00bb{}\u00a0\u00bb][et_pb_image src=\u00a0\u00bbhttps:\/\/lavhangard.org\/site\/wp-content\/uploads\/2022\/12\/Logo-principal-blanc_RVB.png\u00a0\u00bb title_text=\u00a0\u00bbLogo-principal-blanc_RVB\u00a0\u00bb url=\u00a0\u00bbhttps:\/\/lavhangard.org\/\u00a0\u00bb align=\u00a0\u00bbcenter\u00a0\u00bb _builder_version=\u00a0\u00bb4.19.4&Prime; _module_preset=\u00a0\u00bbdefault\u00a0\u00bb width=\u00a0\u00bb100%\u00a0\u00bb module_alignment=\u00a0\u00bbcenter\u00a0\u00bb custom_margin=\u00a0\u00bb14px||20px||false|false\u00a0\u00bb global_colors_info=\u00a0\u00bb{}\u00a0\u00bb][\/et_pb_image][\/et_pb_column][et_pb_column type=\u00a0\u00bb1_3&Prime; _builder_version=\u00a0\u00bb4.19.4&Prime; _module_preset=\u00a0\u00bbdefault\u00a0\u00bb global_colors_info=\u00a0\u00bb{}\u00a0\u00bb][et_pb_text _builder_version=\u00a0\u00bb4.19.4&Prime; _module_preset=\u00a0\u00bbdefault\u00a0\u00bb text_text_color=\u00a0\u00bb#FFFFFF\u00a0\u00bb text_font_size=\u00a0\u00bb16px\u00a0\u00bb custom_margin=\u00a0\u00bb||0px|||\u00a0\u00bb global_colors_info=\u00a0\u00bb{}\u00a0\u00bb]<\/p>\n<p>Vous souhaitez recevoir les infos de L&rsquo;avHangard ?<br \/>Abonnez-vous \u00e0 notre newsletter !<\/p>\n<p>[\/et_pb_text][et_pb_text _builder_version=\u00a0\u00bb4.19.4&Prime; _module_preset=\u00a0\u00bbdefault\u00a0\u00bb background_color=\u00a0\u00bbRGBA(255,255,255,0)\u00a0\u00bb custom_margin=\u00a0\u00bb||20px||false|false\u00a0\u00bb custom_padding=\u00a0\u00bb||||false|false\u00a0\u00bb global_colors_info=\u00a0\u00bb{}\u00a0\u00bb]<\/p>\n\n<p>[\/et_pb_text][\/et_pb_column][et_pb_column type=\u00a0\u00bb1_3&Prime; _builder_version=\u00a0\u00bb4.19.4&Prime; _module_preset=\u00a0\u00bbdefault\u00a0\u00bb global_colors_info=\u00a0\u00bb{}\u00a0\u00bb][et_pb_text _builder_version=\u00a0\u00bb4.19.4&Prime; _module_preset=\u00a0\u00bbdefault\u00a0\u00bb min_height=\u00a0\u00bb144px\u00a0\u00bb custom_margin=\u00a0\u00bb8px||||false|false\u00a0\u00bb custom_padding=\u00a0\u00bb||||false|false\u00a0\u00bb global_colors_info=\u00a0\u00bb{}\u00a0\u00bb]<\/p>\n<p style=\"text-align: center;\"><a href=\"https:\/\/lavhangard.org\/site\/\">Accueil<\/a><\/p>\n<p style=\"text-align: center;\"><a href=\"https:\/\/lavhangard.org\/site\/partenaires\/\">Partenaires<\/a><\/p>\n<p style=\"text-align: center;\"><a href=\"https:\/\/lavhangard.org\/site\/contact-et-soutien\/\">Contact et soutien<\/a><\/p>\n<p style=\"text-align: center;\"><a href=\"https:\/\/lavhangard.org\/site\/statuts\/\">Statuts<\/a><\/p>\n<p style=\"text-align: center;\"><a href=\"https:\/\/lavhangard.org\/site\/mentions-legales\/\">Mentions l\u00e9gales<\/a><\/p>\n<p>[\/et_pb_text][\/et_pb_column][\/et_pb_row][\/et_pb_section]<\/p>\n","protected":false},"excerpt":{"rendered":"<p>Le projetLe Tiers-lieu L\u2019avHangard\u2019 proposera trois types d\u2019espacesUn espace de vie sociale et\u00a0de transition Il accueillera des activit\u00e9s et ateliers autour de th\u00e9matiques diversifi\u00e9es : bien-\u00eatre, alimentation, r\u00e9emploi, upcycling, formation et m\u00e9diation num\u00e9rique&#8230; L&rsquo;avHangard&rsquo; sera un point de rencontre \u201ctotem\u201d f\u00e9d\u00e9rateur d\u2019\u00e9changes et de liens multidimensionnels.Des espaces de travail partag\u00e9 et de formation L&rsquo;avHangard&rsquo; proposera [&hellip;]<\/p>\n","protected":false},"author":1,"featured_media":0,"parent":0,"menu_order":5,"comment_status":"closed","ping_status":"closed","template":"","meta":{"_et_pb_use_builder":"on","_et_pb_old_content":"","_et_gb_content_width":"","footnotes":""},"class_list":["post-21","page","type-page","status-publish","hentry"],"_links":{"self":[{"href":"https:\/\/lavhangard.org\/site\/wp-json\/wp\/v2\/pages\/21","targetHints":{"allow":["GET"]}}],"collection":[{"href":"https:\/\/lavhangard.org\/site\/wp-json\/wp\/v2\/pages"}],"about":[{"href":"https:\/\/lavhangard.org\/site\/wp-json\/wp\/v2\/types\/page"}],"author":[{"embeddable":true,"href":"https:\/\/lavhangard.org\/site\/wp-json\/wp\/v2\/users\/1"}],"replies":[{"embeddable":true,"href":"https:\/\/lavhangard.org\/site\/wp-json\/wp\/v2\/comments?post=21"}],"version-history":[{"count":22,"href":"https:\/\/lavhangard.org\/site\/wp-json\/wp\/v2\/pages\/21\/revisions"}],"predecessor-version":[{"id":773,"href":"https:\/\/lavhangard.org\/site\/wp-json\/wp\/v2\/pages\/21\/revisions\/773"}],"wp:attachment":[{"href":"https:\/\/lavhangard.org\/site\/wp-json\/wp\/v2\/media?parent=21"}],"curies":[{"name":"wp","href":"https:\/\/api.w.org\/{rel}","templated":true}]}}