{"id":765,"date":"2025-03-29T11:51:15","date_gmt":"2025-03-29T10:51:15","guid":{"rendered":"https:\/\/lavhangard.org\/site\/?page_id=765"},"modified":"2025-09-24T12:17:25","modified_gmt":"2025-09-24T10:17:25","slug":"la-boutique-ephemere","status":"publish","type":"page","link":"https:\/\/lavhangard.org\/site\/la-boutique-ephemere\/","title":{"rendered":"La boutique \u00e9ph\u00e9m\u00e8re"},"content":{"rendered":"<p>\ud83c\udf38 Vous \u00eates cr\u00e9ateur, artisan, artiste dans la vall\u00e9e du Gr\u00e9sivaudan ou dans un territoire limitrophe ? Vous \u00eates int\u00e9ress\u00e9s par un espace de vente partag\u00e9 et collaboratif pour vos cr\u00e9ations ?<\/p>\n<p><strong>Cette boutique est peut-\u00eatre faite pour vous !<\/strong> \ud83c\udf38<\/p>\n<p>Taille de l&rsquo;espace : 25m2 partag\u00e9s<\/p>\n<p>Nombre de cr\u00e9ateurs maximum simultan\u00e9s : 5<\/p>\n<p>Pour tout renseignement, <a href=\"https:\/\/lavhangard.org\/site\/contact-et-soutien\/\">contactez-nous<\/a> \ud83d\ude09<\/p>\n<p>&nbsp;<\/p>\n<p>&nbsp;<\/p>\n<p>&nbsp;<\/p>\n","protected":false},"excerpt":{"rendered":"<p>\ud83c\udf38 Vous \u00eates cr\u00e9ateur, artisan, artiste dans la vall\u00e9e du Gr\u00e9sivaudan ou dans un territoire limitrophe ? Vous \u00eates int\u00e9ress\u00e9s par un espace de vente partag\u00e9 et collaboratif pour vos cr\u00e9ations ? Cette boutique est peut-\u00eatre faite pour vous ! \ud83c\udf38 Taille de l&rsquo;espace : 25m2 partag\u00e9s Nombre de cr\u00e9ateurs maximum simultan\u00e9s : 5 Pour [&hellip;]<\/p>\n","protected":false},"author":2,"featured_media":0,"parent":0,"menu_order":2,"comment_status":"closed","ping_status":"closed","template":"","meta":{"_et_pb_use_builder":"","_et_pb_old_content":"","_et_gb_content_width":"","footnotes":""},"class_list":["post-765","page","type-page","status-publish","hentry"],"_links":{"self":[{"href":"https:\/\/lavhangard.org\/site\/wp-json\/wp\/v2\/pages\/765","targetHints":{"allow":["GET"]}}],"collection":[{"href":"https:\/\/lavhangard.org\/site\/wp-json\/wp\/v2\/pages"}],"about":[{"href":"https:\/\/lavhangard.org\/site\/wp-json\/wp\/v2\/types\/page"}],"author":[{"embeddable":true,"href":"https:\/\/lavhangard.org\/site\/wp-json\/wp\/v2\/users\/2"}],"replies":[{"embeddable":true,"href":"https:\/\/lavhangard.org\/site\/wp-json\/wp\/v2\/comments?post=765"}],"version-history":[{"count":2,"href":"https:\/\/lavhangard.org\/site\/wp-json\/wp\/v2\/pages\/765\/revisions"}],"predecessor-version":[{"id":767,"href":"https:\/\/lavhangard.org\/site\/wp-json\/wp\/v2\/pages\/765\/revisions\/767"}],"wp:attachment":[{"href":"https:\/\/lavhangard.org\/site\/wp-json\/wp\/v2\/media?parent=765"}],"curies":[{"name":"wp","href":"https:\/\/api.w.org\/{rel}","templated":true}]}}